 22378 - 13478 = 0. List the prime factors of p.
2, 3, 83
Suppose -7*b + 4*b - 4854 = -g, -b - 9688 = -2*g. What are the prime factors of g?
2, 3, 269
Let o(x) = x + 7. Let w(u) = 1. Let g(p) = -o(p) + 4*w(p). Let t be g(-6). Suppose -4*n = t*k - 36, 5*n + 86 = 5*k + 3*n. What are the prime factors of k?
2
Let r be 4*-23 - 0/(-7 + 3). Let y = 369 + r. What are the prime factors of y?
277
Suppose -2*k + 1 = -k, -4*k = -5*j + 31. Let t(d) = -21*d - 39. Let c be t(-2). Let s = j + c. List the prime factors of s.
2, 5
Suppose -8*j + 258 + 478 = 0. Suppose j = 3*o - 85. List the prime factors of o.
59
Let b = -483 + 583. What are the prime factors of b?
2, 5
Let h(x) = -12*x**3 + 8*x**2 - 3*x - 37. What are the prime factors of h(-5)?
2, 839
Let d(l) = 54*l**3 + l**2 + 2*l + 1. Let u be d(-1). Suppose 3*q = 2*t + 69, 0 = -5*t - 0*t + 3*q - 177. Let p = t - u. List the prime factors of p.
2, 3
Suppose 7*r + 1 - 15 = 0. Suppose 0 = k - r*k + 61. List the prime factors of k.
61
Let z be 5 - (5/1 - 3). Suppose 0 = z*k - 0*k - 48. Suppose n - 3*t - k = 2, 4*n = 2*t + 82. What are the prime factors of n?
3, 7
Let w = -7 + 2. Let y be (-2 + (3 - 5))*w. Suppose -3*b + y = -2*b. What are the prime factors of b?
2, 5
Let q(c) = -2*c**2 + 16*c - 28. Let j be q(10). Let b = j + 80. What are the prime factors of b?
2, 3
Let z(u) = 7*u - 101. List the prime factors of z(32).
3, 41
Suppose 3*x + x = 0. Suppose -4*t + 1 + 47 = x. Let b = 28 - t. What are the prime factors of b?
2
Suppose 9 = 2*i - r, 9 = 3*r - 6*r. Suppose -2*h + 5*c = -i*h - 26, h = -4*c - 22. Let x = 18 - h. What are the prime factors of x?
2, 3
Let h = 5529 - 1506. What are the prime factors of h?
3, 149
Let d(c) = 905*c - 12. List the prime factors of d(2).
2, 29, 31
Let v(h) = -166*h - 23. What are the prime factors of v(-2)?
3, 103
Let n = 358 + -178. What are the prime factors of n?
2, 3, 5
Let p be 2/2 - (-6 + 5). Suppose 3*m - 15 = -5*h, -5*h + 55 = -p*m - 3*m. Let r = 34 + h. What are the prime factors of r?
2, 5
Suppose 2 = -2*t - 2. What are the prime factors of 18 - (1 - (t + 0))?
3, 5
Suppose -1892 = -5*j + 1213. List the prime factors of j.
3, 23
Let h be (1440/27)/((-2)/(-21)). Suppose 5*q = h + 30. What are the prime factors of q?
2, 59
Suppose -10*g + 7*g = 0. List the prime factors of g + 1 - 155/(-5).
2
What are the prime factors of (8496*1)/3 + 5?
2837
Let q(m) = 5*m**3 - 11*m**2 + 2*m - 8. Let g(p) = 4*p**3 - 10*p**2 + 3*p - 7. Let o(j) = 6*g(j) - 5*q(j). List the prime factors of o(-8).
2, 3, 7
Let g be -2 + -1 + (1 - 19). Let k = 73 + g. List the prime factors of k.
2, 13
Suppose -20 = -9*l + 43. Suppose 3*r + 198 = l*r - 3*b, 90 = 2*r + 3*b. What are the prime factors of r?
2, 3
Suppose -4*p - y = 4*y - 403, 4*p = -y + 391. Let z = -33 + p. List the prime factors of z.
2
Let s be (3/(-2))/(18/24). Let i be 5 - ((-6)/s - 6). Let p(k) = k + 5. List the prime factors of p(i).
13
Let w(s) = -s**3 + 5*s**2 - 2*s + 6. Let c be w(4). List the prime factors of (c/9)/(-7) + (-272)/(-9).
2, 3, 5
Let u = -6 + 4. What are the prime factors of (-1214)/(-22) + u/11?
5, 11
Suppose 0 = u - 0*u. Suppose -2*y = 2*f + 6, u*f - f = -5*y - 27. Suppose -f*i + 5*i = 27. What are the prime factors of i?
3
Let t be (-2)/16 - (-19596)/96. Suppose -4*b = -2*l - 578, -b + t = l + 61. List the prime factors of b.
2, 3
Suppose 444 + 120 = 4*n. List the prime factors of n.
3, 47
Suppose -20*h = 2*h - 9438. List the prime factors of h.
3, 11, 13
Suppose t + 2*t + 6 = 0. List the prime factors of ((-152)/10)/(t/5).
2, 19
List the prime factors of 5690/(-1 + 11) + -1 + 5.
3, 191
Let t = -2 + 0. Let a(k) = -k**2 - 6*k + 10. Let l be a(-6). List the prime factors of t*25*(-5)/l.
5
Let o be 3*((-33)/(-9) - -3). Suppose 7*s - o = 2*s. Let u = 5 + s. What are the prime factors of u?
3
Suppose 7*q = 15*q - 2640. List the prime factors of q.
2, 3, 5, 11
Suppose -170 = -18*w + 6976. List the prime factors of w.
397
Let s(h) = -2*h - 6. Let t be s(-4). Suppose -9 = 5*j + 1, 5*b + t*j - 61 = 0. What are the prime factors of b?
13
Let y(c) = -1 - 8 - 15*c + 39*c. List the prime factors of y(3).
3, 7
Let h(z) = 7*z**3 + 7*z**2 - 3*z**3 + 5 + 6*z - 3*z**3. Let i be h(-6). Suppose -44 = 3*s - i*s - 2*y, y - 66 = -3*s. List the prime factors of s.
2, 11
Suppose -2*c - 222 = 4*t - 3*t, 2*t - c + 449 = 0. What are the prime factors of (t/12 - 2)/(2/(-6))?
2, 31
Suppose -6 = -0*h + h. Let k be h/3*18/(-4). What are the prime factors of (1 - -3) + k*5?
7
Suppose 0 = -w - 2*n - 3 + 13, 0 = n - 5. Suppose -5*h + h + 352 = w. List the prime factors of h.
2, 11
Let k be (4/(-7))/(14/(-49)). Suppose 4*q - k + 14 = 0. List the prime factors of (-42)/(-14)*(-40)/q.
2, 5
Let a = 8137 + -2542. What are the prime factors of a?
3, 5, 373
Let r = 14 + -12. Suppose -6 = -r*a + 2. Suppose 0 = -a*k + 41 + 3. What are the prime factors of k?
11
Let q(m) = m**2 - m - 9. Let x be 174/(-21) - 10/(-35). List the prime factors of q(x).
3, 7
List the prime factors of (6 - -1) + (-16338)/(-14).
2, 587
Let y be 15 - -480 - (0 - 2)/1. Suppose -8*j + 1489 = y. What are the prime factors of j?
2, 31
Let q(t) = 38*t**2 - 3*t - 4. List the prime factors of q(-5).
31
Let y = -108 - -42. Let v be (-2)/((176/856)/11). Let q = y - v. What are the prime factors of q?
41
Let j be 6/(-4)*(-20)/(-6)*-1. Suppose j*c + h = 779, 2*h = 3*h + 1. List the prime factors of c.
2, 3, 13
Suppose -2*l - 3*w + 18 = 0, -23 = -l + 5*w - 1. Let b be 17/3*l/4. Suppose -66 = -x - b. List the prime factors of x.
7
Suppose -u + 3 = 2*v - 2387, 3*u + 3*v = 7155. List the prime factors of u.
2, 5, 7, 17
List the prime factors of (33/(-3) - 0)*4*-8.
2, 11
List the prime factors of -2 + (-16)/(-4) - -298.
2, 3, 5
Let y = -173 - -110. Let g = 15 - y. List the prime factors of g.
2, 3, 13
Let h = -258 - 38. Let c = -205 - h. List the prime factors of c.
7, 13
What are the prime factors of 38/(-95) - (-2342)/5?
2, 3, 13
Suppose r + q + 11 = 0, 2*r = -5*q - 24 + 2. Let x = 42 + r. What are the prime factors of x?
31
Let p(w) = -w**2 - 50*w - 161. List the prime factors of p(-41).
2, 13
Let v(o) = 163*o + 5. List the prime factors of v(5).
2, 5, 41
Let y = 48 - 43. Suppose -y*f + 904 - 134 = 0. List the prime factors of f.
2, 7, 11
Let c be (-1)/(-4) + 39/4. Let w be ((-12)/(-8))/((-6)/108). Let x = c - w. What are the prime factors of x?
37
Let n(w) = 3*w + 8. Let u be 19 + 1 - (0 + 1). Let j be n(u). Let f = 119 - j. List the prime factors of f.
2, 3
Let p = -3 + 11. Suppose p*k - 5*k = -78. What are the prime factors of (-9744)/(-208) + (-4)/k?
47
Suppose -859 - 1221 = -2*q - 4*p, 4*p - 4164 = -4*q. List the prime factors of q.
2, 521
Suppose 7*a + 5 = 8*a. Suppose -a*x - x = -126. List the prime factors of x.
3, 7
Let w(a) = -18*a - 104. What are the prime factors of w(-11)?
2, 47
Let r(j) = j**3 + 17*j**2 + 12*j - 15. Let k be r(-16). Let m = k - -28. List the prime factors of m.
7, 11
Suppose -9*p + 7*p = 0. Suppose p*g + 20 = -2*g. Let o = 26 + g. What are the prime factors of o?
2
Suppose 2*h = -5*m + 4639, 6064 = 2*h - 5*m + 1435. What are the prime factors of h?
7, 331
Let l be (-3)/((-9)/(-6)) - 5. Let z be 64 - l - (-2 + -1). Suppose 5*d - 2*m + m = 77, -2*m = -5*d + z. List the prime factors of d.
2
Suppose -4*d = d + 10, 5*l = -2*d + 281. Suppose 7*o = 4*o + l. List the prime factors of o.
19
Let y = -7 + 22. Suppose 2*q + z = -5 + 14, -4*q - z + y = 0. Suppose -w - 5*k + 103 = q*w, 0 = -w - 4*k + 34. List the prime factors of w.
2, 11
Suppose 5*p = 3*r - 1753 - 953, 5*p = -5*r + 4470. List the prime factors of r.
3, 13, 23
Let x = 12 - 14. What are the prime factors of (-114)/(x/4*4)?
3, 19
Suppose -3*c = 4*t, -2*c - 2*c + 3*t + 25 = 0. Let x be -6*(-4 + c/4). Let l = x + 14. List the prime factors of l.
2
Let u(t) = -8*t**3 - 8*t**2 - 7*t - 6. Let f be u(-6). List the prime factors of 3 + f/28 - (-4)/14.
2, 7
Let f be (-6)/18 - 2/(-6). Let q(w) = -w**3 - 13*w**2. Let l be q(-13). Suppose 3*o - 119 = -l*c + 5*c, -2*o - 3*c + 54 = f. What are the prime factors of o?
3, 11
Let j(c) = 9*c**2 + 2*c - 2. Let x be j(-2). Suppose u + x - 90 = 0. Suppose -5*k + u = -2*k. List the prime factors of k.
2, 5
List the prime factors of ((-35)/(-15))/(392/(-132) - -3).
7, 11
Let g(k)